 59159 a composite number?
False
Is 329 prime?
False
Is 293 prime?
True
Is 15121 prime?
True
Is 9527 a prime number?
False
Is 94027 composite?
True
Is 16711 prime?
False
Is 391609 composite?
True
Is 74317 prime?
True
Is 798797 a composite number?
True
Is 13921 a composite number?
False
Is 7165 a composite number?
True
Is 207601 a prime number?
False
Is 2571 a prime number?
False
Is 4071317 composite?
False
Is 107431 composite?
True
Is 1374257 composite?
False
Is 1084981 prime?
True
Is 84937 a composite number?
True
Is 122099 a composite number?
False
Is 5627 a prime number?
False
Is 23909 a prime number?
True
Is 244337 a composite number?
True
Is 33379 composite?
True
Is 20281 composite?
True
Is 1803787 a composite number?
True
Is 997 a prime number?
True
Is 215239 prime?
True
Is 15497 a prime number?
True
Is 700615 a composite number?
True
Is 33827 a prime number?
True
Is 49597 a composite number?
False
Is 7639 a composite number?
False
Is 192961 a prime number?
True
Is 6467 a composite number?
True
Is 356117 a prime number?
False
Is 145279 composite?
True
Is 35981 composite?
True
Is 32639 composite?
True
Is 5903 prime?
True
Is 21961 a composite number?
False
Is 274798 prime?
False
Is 626765 prime?
False
Is 2503 a composite number?
False
Is 12883 composite?
True
Is 861407 a composite number?
True
Is 22315 composite?
True
Is 4481 composite?
False
Is 300971 composite?
True
Is 33727 a composite number?
True
Is 96979 a composite number?
False
Is 1668479 composite?
False
Is 6623 a prime number?
False
Is 3442 a composite number?
True
Is 234385 a composite number?
True
Is 133873 prime?
True
Is 21587 a prime number?
True
Is 448519 composite?
False
Is 1009 a prime number?
True
Is 83 composite?
False
Is 7261 a composite number?
True
Is 119819 a composite number?
True
Is 29327 a prime number?
True
Is 80479 composite?
True
Is 1302491 composite?
False
Is 75347 composite?
False
Is 451009 a composite number?
True
Is 36289 composite?
True
Is 4421 a prime number?
True
Is 5939 composite?
False
Is 53803 composite?
True
Is 62383 composite?
False
Is 1459061 a prime number?
True
Is 137623 composite?
False
Is 90121 a composite number?
False
Is 209621 composite?
False
Is 275542 a prime number?
False
Is 420241 prime?
True
Is 12607 a composite number?
True
Is 20279 composite?
True
Is 87673 prime?
False
Is 294367 prime?
False
Is 3643 a prime number?
True
Is 3029 composite?
True
Is 252755 prime?
False
Is 3013 composite?
True
Is 10481 a composite number?
True
Is 11313547 a prime number?
False
Is 24971 a composite number?
False
Is 23197 composite?
False
Is 541109 prime?
False
Is 47833 prime?
False
Is 25301 prime?
True
Is 897779 a prime number?
True
Is 6718 a composite number?
True
Is 12881 composite?
True
Is 8026 composite?
True
Is 2429 composite?
True
Is 899 a composite number?
True
Is 1563 a prime number?
False
Is 2589 prime?
False
Is 4562 composite?
True
Is 641 a composite number?
False
Is 2683 prime?
True
Is 285937 a prime number?
True
Is 7327 composite?
True
Is 22189 a composite number?
False
Is 2063 a composite number?
False
Is 33739 prime?
True
Is 110153 composite?
True
Is 222773 a prime number?
True
Is 257695 composite?
True
Is 137023 a composite number?
True
Is 328913 prime?
False
Is 64499 a composite number?
False
Is 767 prime?
False
Is 128813 prime?
True
Is 8353 composite?
False
Is 33563 prime?
True
Is 23927 composite?
True
Is 25577 prime?
True
Is 6121 composite?
False
Is 12497 a composite number?
False
Is 40973 a composite number?
False
Is 563 composite?
False
Is 66191 a composite number?
False
Is 419657 a prime number?
False
Is 19847 a composite number?
True
Is 85987 a composite number?
True
Is 1151 composite?
False
Is 7817 composite?
False
Is 826139 a prime number?
False
Is 12953 prime?
True
Is 123491 composite?
False
Is 114941 prime?
True
Is 84923 prime?
False
Is 69371 a prime number?
True
Is 193283 a prime number?
True
Is 389621 a composite number?
False
Is 38113 a prime number?
True
Is 35911 a composite number?
False
Is 1633 prime?
False
Is 3787 composite?
True
Is 16033 prime?
True
Is 15551 a prime number?
True
Is 305329 a composite number?
False
Is 146193 prime?
False
Is 8699 a composite number?
False
Is 236083 prime?
False
Is 36293 prime?
True
Is 122363 prime?
True
Is 188319 composite?
True
Is 493 a prime number?
False
Is 165409 a prime number?
False
Is 136847 composite?
True
Is 28051 a prime number?
True
Is 142343 prime?
False
Is 354911 a composite number?
False
Is 62351 prime?
True
Is 8117 a composite number?
False
Is 129887 prime?
True
Is 119387 composite?
True
Is 456019 prime?
False
Is 2722 a prime number?
False
Is 17657 a composite number?
False
Is 1847 prime?
True
Is 985139 a prime number?
False
Is 555299 a prime number?
False
Is 84171 composite?
True
Is 3128041 a prime number?
False
Is 4267 composite?
True
Is 22523 prime?
False
Is 61837 composite?
False
Is 422029 a prime number?
True
Is 6481 a composite number?
False
Is 535903 prime?
False
Is 73237 prime?
True
Is 208927 a prime number?
True
Is 154051 a prime number?
False
Is 6243 a prime number?
False
Is 118933 a prime number?
False
Is 5965 a composite number?
True
Is 248807 a prime number?
False
Is 147871 a prime number?
False
Is 739217 composite?
False
Is 125878 a composite number?
True
Is 801559 a prime number?
False
Is 5294 composite?
True
Is 1351671 prime?
False
Is 11303 composite?
True
Is 64091 composite?
False
Is 13045 prime?
False
Is 11351 prime?
True
Is 88535 composite?
True
Is 31133 a composite number?
True
Is 47911 a prime number?
True
Is 16543 a prime number?
False
Is 7229 a composite number?
False
Is 18187 a prime number?
False
Is 1791113 a composite number?
False
Is 769 a prime number?
True
Is 16873 prime?
False
Is 9813 composite?
True
Is 92951 a prime number?
True
Is 57413 a composite number?
False
Is 738269 a composite number?
True
Is 67717 prime?
False
Is 3293 prime?
False
Is 40343 prime?
True
Is 71283 prime?
False
Is 303971 a prime number?
False
Is 5951 a composite number?
True
Is 5507 prime?
True
Is 246527 a prime number?
True
Is 4063 composite?
True
Is 1285107 prime?
False
Is 314077 a prime number?
True
Is 14281 a prime number?
True
Is 1733 a prime number?
True
Is 881311 a prime number?
True
Is 11879 composite?
True
Is 45851 composite?
True
Is 8173 a composite number?
True
Is 32411 composite?
False
Is 2159 prime?
False
Is 113489 composite?
False
Is 36773 a composite number?
True
Is 18391 prime?
False
Is 24943 a prime number?
True
Is 538234 composite?
True
Is 587 a prime number?
True
Is 6449 prime?
True
Is 323989 prime?
False
Is 23459 a composite number?
False
Is 11953 prime?
True
Is 1087 prime?
True
Is 18329 prime?
True
Is 11957 prime?
False
Is 1177691 a composite number?
True
Is 1182383 a composite number?
False
Is 20089 composite?
False
Is 8499 prime?
False
Is 143779 a composite number?
False
Is 67031 a prime number?
False
Is 24865 a composite number?
True
Is 15161 a prime number?
True
Is 2573 a composite number?
True
Is 91331 composite?
False
Is 3038999 a composite number?
False
Is 2357 a composite number?
False
Is 308534 composite?
True
Is 1179109 a prime number?
True
Is 10847 prime?
True
Is 10417 composite?
True
Is 1244086 a prime number?
False
Is 1362991 a prime number?
False
Is 7405 composite?
True
Is 627611 composite?
False
Is 424397 composite?
False
Is 26409 a composite number?
True
Is 17011 composite?
False
Is 4547 a composite number?
False
Is 17567 prime?
False
Is 79757 a composite number?
False
Is 225109 prime?
True
Is 10663 a prime number?
True
Is 417607 prime?
False
Is 334391 composite?
True
Is 5359 a composite number?
True
Is 1451921 a prime number?
False
Is 46399 prime?
True
Is 27859 a prime number?
False
Is 43387 a composite number?
True
Is 698869 a prime number?
False
Is 1054343 prime?
False
Is 59569 a prime number?
False
Is 59063 a composite number?
False
Is 51383 prime?
True
Is 147949 prime?
True
Is 164729 composite?
False
Is 273791 composite?
True
Is 137339 a prime number?
True
Is 21079 a composite number?
True
Is 572593 a prime number?
False
Is 856987 a prime number?
False
Is 17681 composite?
False
Is 117151 composite?
True
Is 32251 a composite number?
False
Is 233179 prime?
False
Is 50471 prime?
False
Is 77237 a prime number?
True
Is 5923 a composit